{"id":181,"date":"2016-02-17T17:12:43","date_gmt":"2016-02-17T16:12:43","guid":{"rendered":"http:\/\/www.maisondelestuaire.fr\/?page_id=181"},"modified":"2016-02-17T17:12:51","modified_gmt":"2016-02-17T16:12:51","slug":"circuit-pedestre-decouverte-du-veillon","status":"publish","type":"page","link":"https:\/\/www.maisondelestuaire.fr\/?page_id=181","title":{"rendered":"Circuit p\u00e9destre d\u00e9couverte du Veillon"},"content":{"rendered":"<p><em>Rallye d\u00e9couverte propos\u00e9 par l\u2019association\u00a0Estuaire. (Le Port de la Guitti\u00e8re. 84440 Talmont Saint Hilaire)<\/em><\/p>\n<p><img decoding=\"async\" loading=\"lazy\" class=\"alignright\" title=\"bois1\" src=\"http:\/\/cluster006.ovh.net\/~estuaire\/wp-content\/uploads\/2011\/04\/bois11-300x190.jpg\" alt=\"\" width=\"300\" height=\"190\" \/><\/p>\n<p style=\"text-align: left;\">\u00a0<em><strong>D\u00e9part parking de la plage du Veillon.<\/strong><\/em><br \/>\nEntrer dans le bois du Veillon par l\u2019\u00e9troit passage situ\u00e9 pr\u00e8s de la cabine t\u00e9l\u00e9phonique. la for\u00eat de ch\u00eanes verts du Veillon est une r\u00e9serve naturelle du<em> \u00ab\u00a0<strong>Conservatoire du Littoral<\/strong>\u00bb.<\/em><br \/>\nN\u2019y cueillez aucune plante.<\/p>\n<p style=\"text-align: left;\">Longer le grillage sur 100 m\u00e8tres puis prenez en biais \u00e0 droite l\u2019all\u00e9e qui s\u2019enfonce dans le bois. Elle aboutit au carrefour de l\u2019\u00e9toile, &gt;<br \/>\no\u00f9 vous trouverez cet \u00e9norme ch\u00eane vert bicentenaire. Est-il encore comme sur la photo ?<br \/>\ncombien de troncs a-t-il ? 1 \u00a0 \u00a0 2\u00a0 \u00a0\u00a03<\/p>\n<h4 style=\"text-align: right;\"><\/h4>\n<p><span style=\"font-weight: normal;\">\u00a0<\/span><\/p>\n<p><a href=\"http:\/\/cluster006.ovh.net\/~estuaire\/wp-content\/uploads\/2011\/04\/bois21.jpg\"><img decoding=\"async\" loading=\"lazy\" class=\"alignleft\" title=\"bois2\" src=\"http:\/\/cluster006.ovh.net\/~estuaire\/wp-content\/uploads\/2011\/04\/bois21-300x243.jpg\" alt=\"\" width=\"300\" height=\"243\" \/><\/a><\/p>\n<p>Continuez tout droit en admirant la magnifique all\u00e9e de ch\u00eanes verts o\u00f9 vous marchez. Par endroit vous trouverez des pins maritimes, avec \u00e0 leur pied des pommes de pin rong\u00e9es par des \u00e9cureuils, nombreux dans cette zone.<\/p>\n<p>Sortez de la for\u00eat par le passage sur le c\u00f4t\u00e9 du grand portail qui cl\u00f4t le chemin.<\/p>\n<p>Prenez \u00e0 droite en direction de la ferme du Veillon et suivez la route goudronn\u00e9e jusqu\u2019au petit pont.<\/p>\n<p>&lt; Prenez le chemin \u00e0 droite et\u00a0<em>cherchez d\u2019o\u00f9 a \u00e9t\u00e9 prise cette photo du ch\u00e2teau du Veillon (le ch\u00e2teau ne se visite pas)<\/em>.<\/p>\n<p><img decoding=\"async\" loading=\"lazy\" class=\"alignright\" title=\"bois3\" src=\"http:\/\/cluster006.ovh.net\/~estuaire\/wp-content\/uploads\/2011\/04\/bois3-300x288.jpg\" alt=\"\" width=\"300\" height=\"288\" \/><\/p>\n<p style=\"text-align: right;\">D\u00e9couvrez cette \u00e9cluse sur votre gauche.&gt;<\/p>\n<p style=\"text-align: right;\">Que signifie l\u2019expression \u00ab\u00a0faire boire le marais\u00a0\u00bb\u00a0?<br \/>\n\u2026\u2026\u2026\u2026\u2026\u2026\u2026\u2026\u2026\u2026\u2026\u2026\u2026\u2026\u2026\u2026\u2026<\/p>\n<p style=\"text-align: right;\">On \u00ab\u00a0fait boire le marais\u00a0\u00bb pour alimenter en eau de mer et faire entrer le poisson \u00e0 mar\u00e9e haute\u00a0;<br \/>\ngr\u00e2ce aux entonnoirs grillag\u00e9s le poisson ne peut pas ressortir<br \/>\nlorsque le niveau de l\u2019eau baisse quand la mer se retire<\/p>\n<p><a href=\"http:\/\/cluster006.ovh.net\/~estuaire\/wp-content\/uploads\/2011\/04\/bois4.jpg\"><img decoding=\"async\" loading=\"lazy\" class=\"alignleft\" title=\"bois4\" src=\"http:\/\/cluster006.ovh.net\/~estuaire\/wp-content\/uploads\/2011\/04\/bois4-300x230.jpg\" alt=\"\" width=\"300\" height=\"230\" \/><\/a>Continuez sur le chemin qui longe le bois au milieu des installations ostr\u00e9icoles.<\/p>\n<p>N\u2019h\u00e9sitez pas \u00e0 vous enfoncer 100 m\u00e8tres par le chemin lat\u00e9ral dans le bois pour d\u00e9couvrir les ruines de cette ancienne chapelle le long d\u2019un chemin pr\u00e8s de la lisi\u00e8re du bois<\/p>\n<p>&lt; \u00a0combien y a t-il de niches dans cette ancienne chapelle?<\/p>\n<p>\u2026\u2026\u2026\u2026\u2026\u2026\u2026\u2026\u2026\u2026\u2026\u2026<\/p>\n<p><img decoding=\"async\" loading=\"lazy\" class=\"alignright\" title=\"bois5\" src=\"http:\/\/cluster006.ovh.net\/~estuaire\/wp-content\/uploads\/2011\/04\/bois5-300x204.jpg\" alt=\"\" width=\"300\" height=\"204\" \/><\/p>\n<p style=\"text-align: right;\">Puis cap \u00e0 l\u2019est \u00a0en longeant le chenal, afin de retrouvez d\u2019o\u00f9 a \u00e9t\u00e9 prise cette photo de l\u2019estuaire ostr\u00e9icole ? <strong>&gt;<\/strong><\/p>\n<p style=\"text-align: right;\"><em>est-ce <\/em><em>de l\u2019extr\u00e9mit\u00e9 du chemin ostr\u00e9icole que vous venez de suivre ?<br \/>\n<\/em><em>de la dune de la plage du Veillon ?<br \/>\n<\/em><em>du haut de la petite dune face \u00e0 la plage de la Guitti\u00e8re.<\/em><\/p>\n<p style=\"text-align: right;\"><em>Comment appelle-t-on les structures m\u00e9talliques sur lesquelles on pose les sacs d\u2019hu\u00eetres et que l\u2019on aper\u00e7oit \u00e0 mar\u00e9e basse de ce point de vue ?\u2026\u2026\u2026\u2026\u2026\u2026\u2026\u2026\u2026\u2026\u2026\u2026\u2026<\/em><\/p>\n<p><a href=\"http:\/\/cluster006.ovh.net\/~estuaire\/wp-content\/uploads\/2011\/04\/bois6.jpg\"><img decoding=\"async\" loading=\"lazy\" class=\"alignleft\" title=\"bois6\" src=\"http:\/\/cluster006.ovh.net\/~estuaire\/wp-content\/uploads\/2011\/04\/bois6-300x182.jpg\" alt=\"\" width=\"300\" height=\"182\" \/><\/a>Longer le bord du chenal.<br \/>\n&lt; Lorsque vous serez au bout du chemin,<br \/>\ncherchez ce pin qui a pouss\u00e9 en \u00e9tant couch\u00e9 par le vent.<br \/>\n&#8212;&#8212;&#8212;&#8212;&#8212;&#8212;&#8212;&#8212;&#8212;&#8212;&#8212;&#8212;&#8212;&#8212;&#8212;&#8212;&#8211;<strong>&#8212;<br \/>\n<\/strong><em>Est-il seul dans ce cas \u00e0 cet endroit ? \u00a0oui\u00a0\u00a0 \u00a0non<\/em><\/p>\n<p><img decoding=\"async\" loading=\"lazy\" class=\"alignright\" title=\"bois7\" src=\"http:\/\/cluster006.ovh.net\/~estuaire\/wp-content\/uploads\/2011\/04\/bois7-300x198.jpg\" alt=\"\" width=\"300\" height=\"198\" \/><\/p>\n<p style=\"text-align: right;\">En peu plus loin au bord la dune &gt;<\/p>\n<p style=\"text-align: right;\"><em>quelle sont les plantes visibles au premier plan<br \/>\n<\/em><em>oyats ou \u00a0 \u00a0immortelles<\/em><\/p>\n<p style=\"text-align: right;\"><em>Quel est leur r\u00f4le pour la dune <\/em>?<br \/>\n\u2026\u2026\u2026\u2026\u2026\u2026\u2026\u2026\u2026\u2026\u2026\u2026\u2026\u2026\u2026\u2026\u2026\u2026\u2026\u2026<\/p>\n<p>Pour revenir au Parking du Veillon, si vous \u00eates fatigu\u00e9, vous pouvez prendre le chemin entre dune et for\u00eat.<\/p>\n<p>Si vous avec encore de l\u2019\u00e9nergie pour une demi-heure de marche dans le sable, contournez la dune en longeant le bord de mer, vous d\u00e9couvrirez des points de vue magnifiques sur la pointe du Payr\u00e9.<\/p>\n<p><a href=\"http:\/\/cluster006.ovh.net\/~estuaire\/wp-content\/uploads\/2011\/04\/parcours-veillon1.pdf\" target=\"_blank\">Ciquer sur ce lien si vous souhaitez imprimer le\u00a0parcours veillon en pdf<\/a>5<\/p>\n","protected":false},"excerpt":{"rendered":"<p>Rallye d\u00e9couverte propos\u00e9 par l\u2019association\u00a0Estuaire. (Le Port de la Guitti\u00e8re. 84440 Talmont Saint Hilaire) \u00a0D\u00e9part parking de la plage du Veillon. Entrer dans le bois du Veillon par l\u2019\u00e9troit passage situ\u00e9 pr\u00e8s de la cabine t\u00e9l\u00e9phonique. la for\u00eat de ch\u00eanes verts du Veillon est une r\u00e9serve naturelle du \u00ab\u00a0Conservatoire du Littoral\u00bb. N\u2019y cueillez aucune plante. &hellip; <a href=\"https:\/\/www.maisondelestuaire.fr\/?page_id=181\" class=\"more-link\">Continuer la lecture de <span class=\"screen-reader-text\">Circuit p\u00e9destre d\u00e9couverte du Veillon<\/span> <span class=\"meta-nav\">&rarr;<\/span><\/a><\/p>\n","protected":false},"author":1,"featured_media":0,"parent":98,"menu_order":5,"comment_status":"closed","ping_status":"closed","template":"","meta":[],"_links":{"self":[{"href":"https:\/\/www.maisondelestuaire.fr\/index.php?rest_route=\/wp\/v2\/pages\/181"}],"collection":[{"href":"https:\/\/www.maisondelestuaire.fr\/index.php?rest_route=\/wp\/v2\/pages"}],"about":[{"href":"https:\/\/www.maisondelestuaire.fr\/index.php?rest_route=\/wp\/v2\/types\/page"}],"author":[{"embeddable":true,"href":"https:\/\/www.maisondelestuaire.fr\/index.php?rest_route=\/wp\/v2\/users\/1"}],"replies":[{"embeddable":true,"href":"https:\/\/www.maisondelestuaire.fr\/index.php?rest_route=%2Fwp%2Fv2%2Fcomments&post=181"}],"version-history":[{"count":1,"href":"https:\/\/www.maisondelestuaire.fr\/index.php?rest_route=\/wp\/v2\/pages\/181\/revisions"}],"predecessor-version":[{"id":182,"href":"https:\/\/www.maisondelestuaire.fr\/index.php?rest_route=\/wp\/v2\/pages\/181\/revisions\/182"}],"up":[{"embeddable":true,"href":"https:\/\/www.maisondelestuaire.fr\/index.php?rest_route=\/wp\/v2\/pages\/98"}],"wp:attachment":[{"href":"https:\/\/www.maisondelestuaire.fr\/index.php?rest_route=%2Fwp%2Fv2%2Fmedia&parent=181"}],"curies":[{"name":"wp","href":"https:\/\/api.w.org\/{rel}","templated":true}]}}