{"id":2,"date":"2014-04-30T19:37:08","date_gmt":"2014-04-30T19:37:08","guid":{"rendered":"http:\/\/www.maisondelestuaire.fr\/?page_id=2"},"modified":"2014-05-03T09:22:27","modified_gmt":"2014-05-03T08:22:27","slug":"page-d-exemple","status":"publish","type":"page","link":"https:\/\/www.maisondelestuaire.fr\/?page_id=2","title":{"rendered":"Activit\u00e9s"},"content":{"rendered":"<p><a href=\"http:\/\/www.maisondelestuaire.fr\/?page_id=59\">Journ\u00e9es nettoyages du littoral<\/a><\/p>\n<p><a href=\"http:\/\/www.maisondelestuaire.fr\/?page_id=51\">Visites d\u00e9couverte<\/a><\/p>\n<p><a href=\"http:\/\/www.maisondelestuaire.fr\/?page_id=45\">Education \u00e0 l&rsquo;environnement<\/a><\/p>\n<p><a href=\"http:\/\/sentinelledelestuaire.fr\">Sentinelles de l&rsquo;estuaire<\/a><\/p>\n","protected":false},"excerpt":{"rendered":"<p>Journ\u00e9es nettoyages du littoral Visites d\u00e9couverte Education \u00e0 l&rsquo;environnement Sentinelles de l&rsquo;estuaire<\/p>\n","protected":false},"author":1,"featured_media":0,"parent":0,"menu_order":1,"comment_status":"open","ping_status":"open","template":"","meta":[],"_links":{"self":[{"href":"https:\/\/www.maisondelestuaire.fr\/index.php?rest_route=\/wp\/v2\/pages\/2"}],"collection":[{"href":"https:\/\/www.maisondelestuaire.fr\/index.php?rest_route=\/wp\/v2\/pages"}],"about":[{"href":"https:\/\/www.maisondelestuaire.fr\/index.php?rest_route=\/wp\/v2\/types\/page"}],"author":[{"embeddable":true,"href":"https:\/\/www.maisondelestuaire.fr\/index.php?rest_route=\/wp\/v2\/users\/1"}],"replies":[{"embeddable":true,"href":"https:\/\/www.maisondelestuaire.fr\/index.php?rest_route=%2Fwp%2Fv2%2Fcomments&post=2"}],"version-history":[{"count":10,"href":"https:\/\/www.maisondelestuaire.fr\/index.php?rest_route=\/wp\/v2\/pages\/2\/revisions"}],"predecessor-version":[{"id":61,"href":"https:\/\/www.maisondelestuaire.fr\/index.php?rest_route=\/wp\/v2\/pages\/2\/revisions\/61"}],"wp:attachment":[{"href":"https:\/\/www.maisondelestuaire.fr\/index.php?rest_route=%2Fwp%2Fv2%2Fmedia&parent=2"}],"curies":[{"name":"wp","href":"https:\/\/api.w.org\/{rel}","templated":true}]}}